-6 - -12) - (0 + 15 + 5)?
-21
What is the value of (2 - 6) + 0 + 12?
8
Calculate (-5 - (-14 + 2)) + (-10 - -8) + 10.
15
Calculate 2 + 0 - (10 - 5) - 8.
-11
What is -22 + (10 - 14 - 4 - -8)?
-22
Evaluate 0 + 1 - (-290 + 313).
-22
What is -19 + 14 + -12 + 5?
-12
Calculate -42 - ((-52 - -15) + -1).
-4
What is the value of 11 + -10 + (-21 - -11) + 0?
-9
804 + -791 - (29 - -1)
-17
Evaluate -16 - ((23 - 17) + -15).
-7
What is the value of -29 - -27 - (-5 - (1 + 1)) - -5?
10
Evaluate 5 + -32 + (-2 - -6) + 2.
-21
Calculate -1 + 0 + (-4 - -3) + (15 - 6).
7
What is the value of (7 - -1) + (-20 - -18 - 11) - 3?
-8
Evaluate -91 + 83 - (4 - (-2 + 5) - -19).
-28
(-9 - (10 + -16 + -2)) + -1
-2
Evaluate 0 + 0 + 2 - (-2 + (7 - 8)).
5
What is -12 + -5 - (1 + -21)?
3
What is the value of -4 + (13 - 10) + 2?
1
Evaluate (2506 - 2474) + (1 - 31).
2
What is the value of 0 + -12 + (18 - (-26 - -35) - 1)?
-4
0 + 3 + -9 + 7 + -4 - -6
3
2 + 0 + 1 + (12 - (36 - 18))
-3
What is the value of (4 - 3 - ((-1 - 8) + 14)) + -17?
-21
Evaluate (4 - (22 + -11)) + 5.
-2
What is the value of (2 - 0) + (5 - (13 + (-6 - -3)))?
-3
-2 + (-14 - -14) + 10
8
-3 + 2 + -1 + -3 + 6
1
What is the value of 2 + -3 - 3 - (-36 - (-14 + -16))?
2
Calculate (127 - 105) + (-4 - 1) + -4.
13
What is the value of 6 - (0 + 0 - 0) - (15 + -2)?
-7
What is -31 - (-13 + -4 + -3 + 17 + 0)?
-28
Evaluate (31 + -29 - (-2 + 1)) + (-1 - -4).
6
Evaluate 6 + 2 + (43 - 36).
15
Calculate 2 + (-1 - 5 - (5 - (22 - 13))).
0
Evaluate (8 - 6) + 0 + 2 + -3 + 6.
7
What is -22 - (-2 + -14 + 0) - (-16 - 1)?
11
Calculate 1 + 7 + -1 + -3 + (11 - 40).
-25
28 - (-4 + (1 - 16) + 5 + 22)
20
Calculate (8 - 16) + (4 - -3 - 6).
-7
Calculate 1 + 0 + -843 + 857.
15
(1 + -7 - (-19 + 1)) + -5
7
Calculate -3 + -8 + (-21 - -29).
-3
Calculate (12 - -10) + -7 + -8 + 6 + 1.
14
Calculate -9 + ((-22 - -4) + 10 - (-7 + 2)).
-12
What is the value of -50 + (-15 - -65) + -25?
-25
(10 - 4) + -5 + -27 - (-12 - -10)
-24
Calculate 42 - 48 - (-7 + -4 + (3 - 2)).
4
What is 4 - (0 + -4 - (15 - (6 - -7)))?
10
What is 4 - (-5 + -6 + 2 - -2)?
11
35 + (5 - 3) + -20
17
-17 + (3 - -1 - -4) + 15
6
Evaluate -17 + (4 + -7 - -11) - (1 - 0).
-10
6 - -1 - (228 - 230)
9
What is the value of 13 - (5 + 3 + 14 + 5)?
-14
What is the value of (7 - 16) + (4 - 15 - 3) - 2?
-25
Calculate -1 + 0 + (-9 - -16).
6
7 + -20 - -12 - -2
1
What is -22 + 16 + (2 - 5) + (12 - -31)?
34
What is -8 - -14 - ((34 - 33) + -1 + -2)?
8
What is the value of 4 - -8 - (8 + (-6 - 0))?
10
Calculate 8 + -1 + 7 + 3 + -5.
12
What is the value of (-1 - (-6 + 3 + -18)) + (-62 - -67)?
25
Calculate (26 - 13) + (3 - 9).
7
Evaluate 6 + (69 - 70 - (-1 - -8)).
-2
Evaluate -5 + -5 + 36 + -16.
10
Calculate 16 + (-5 - 7) + -1.
3
Evaluate (-8 - (6 + (8 - (27 + -4)))) + -16.
-15
Calculate 6 + -1 + (35 - 26 - 32) + 0.
-18
What is the value of -1 - -10 - (22 + (-10 - -10) - 9)?
-4
Evaluate -11 + (84 + -83 + -1 + 5 - 12).
-18
Calculate 4 + -9 + (13 - 13).
-5
27 - (57 - 36 - -13)
-7
Evaluate -11 - (-2 - 18 - (-91 - -79)).
-3
-1 + 11 + -1 - (-113 + 139 + -33)
16
What is 4 - (-5 + -4 + 3 + 6 + -4)?
8
Calculate -4 - (-9 - -4) - (-4 - (-2 + 1)).
4
Calculate 35 + 0 + (37 - 83) + 32.
21
-21 - -1 - (23 - 39 - (-12 - 1))
-17
Calculate (6 + 15 - 6) + -10 - (0 + 4).
1
What is the value of (-1 - -1 - 4) + (20 + -12 - 11)?
-7
What is (-28 - (10 + -8 - 2)) + (-2 - -10)?
-20
What is the value of 0 - -17 - (95 + -93)?
15
What is 83 + -103 + (-2 - 0)?
-22
Evaluate 8 + 0 + 14 + -3 + (6 - 11).
14
Calculate -31 + -14 + 41 + (-18 - (2 + -1)).
-23
Calculate -13 + 10 + (2 - -4).
3
What is -4 + (3 - 15) - (-1 + (-3 - -1))?
-13
What is the value of 39 - (-10 - 0 - -8 - -18)?
23
What is the value of -2 + 36 + (610 - 635)?
9
Evaluate (6 - 10) + -8 - ((4 - 7) + -1).
-8
What is -6 + (8 + -2 - 4)?
-4
-4 - (6 + 37 + -32)
-15
Evaluate 10 + -4 + 2 + 0 + 0.
8
Calculate 2 - -13 - (-157 - -178).
-6
-25 + (3 - 1 - (-106 + 113))
-30
What is the value of -1 + -6 - (-62 - -33)?
22
Calculate (-32 - -2) + 45 + -42 + -1.
-28
What is 6 + (-3 - -12) + -11?
4
-25 - -30 - (0 - 1)
6
10 + (-30 + 30 - (15 + -3)) + 10
8
What is the value of -14 + (-2 - (-15 + 27 + -12))?
-16
What is the value of (0 - (1 - 5)) + (8 - 9)?
3
-11 - (-32 + -6 - -18)
9
Calculate 44 + (17 - 71) - 23.
-33
Calculate 6 - (-16 - (-16 + -8 + 19)).
17
What is 16 - 28 - (-2 + 10)?
-20
(-2 + 18 - 3) + -19
-6
Calculate 21 + -43 + (65 - 36).
7
Calculate ((-5 + 0 - 9) + 9 - 20) + 2.
-23
Calculate -4 - (-6 + -7 + 4 + 8 + 4).
-7
-61 - -118 - 51 - (-18 - 2 - 2)
28
What is the value of 11 - (17 + -7 + 1 + 3)?
-3
What is the value of 16 + (-22 - (2 - 24))?
16
Evaluate 40 + (-3 - 20) + -34.
-17
Calculate 27 - (-25 + -4 - -31).
25
Calculate (3 - -1) + (47 - 61) - -4.
-6
What is 80 - 77 - (-25 + 4)?
24
What is -146 + 143 - (-26 - 0)?
23
Evaluate 2 + -8 + (-413 - -420).
1
What is the value of -11 + -4 + 28 + -1?
12
What is the value of 1 + 24 - (23 - (-16 + 31))?
17
Calculate (-6 - -20) + -21 + 3.
-4
Evaluate -7 + (-8 - (8 - 17)).
-6
What is the value of -7 + (3 - 8 - (-12 - (8 + -10)))?
-2
What is 15 + -10 + -6 + 3 - (10 - 1)?
-7
Calculate 18 - ((-19 + 12 - 13) + 15).
23
Evaluate 14 + (15 - (7 - -1) - 10) + 4.
15
What is the value of (-21 - 11 - -14) + 4?
-14
Calculate -42 + 16 + 14 + 17.
5
22 + (16 - 18 - 42)
-22
4 - 16 - -11 - (-7 + -16)
22
What is 0 - -8 - (6 + -2)?
4
What is the value of 17 - (2 - (-28 + 13)) - 9?
-9
What is the value of 12 - (17 - 15) - 26?
-16
Evaluate -9 + 5 + 10 + -3 + -11 - 15.
-23
(20 - -6) + (-17 - 9) - (-7 - 0)
7
0 - (-5 - ((-4 - 3) + 3)) - 11
-10
Calculate 1 - (-11 - -8) - (2 + -2 + 0).
4
What is 6 - (0 - -2) - (-15 - -22)?
-3
(11 - 25 - -5) + (-5 - 3)
-17
What is (-77 - -78) + (30 - 19)?
12
-2 + (-2 - 2) + -2 + (-3 - -10)
-1
Calculate 2 + 4 + (6 + -14 + 0 - -12).
10
0 + 1 + (-20 - (-55 + 20 + 19))
-3
Calculate 20 + -1 + 151 + -169.
1
What is 11 - (15 + 18 + -4 + -1)?
-17
(-10 - -1) + 20 - (3 + 2)
6
What is the value of (33 - (-34 + 39)) + -25?
3
Calculate 17 + (14 - (14 + 7)) - -7.
17
Calculate 11 + 0 + -13 + -8 + 8.
-2
What is 0 + -12 + 0 - (-13 + -5)?
6
Evaluate (365 - 398) + (-1 + -4 + 3 - 3).
-38
-156 + 166 + 5 + 4
19
Evaluate 1736 + -1723 - (0 + 18).
-5
What is -5 - -12 - 10 - (-1 + -17 - 4)?
19
What is the value of -36 - (-12 - -44 - 34)?
-34
-4 + 9 + (3 - -2 - 19)
-9
Calculate 11 - -14 - 0 - 6 - 0.
19
What is 1 - -17 - (-68 + 52 + 58)?
-24
What is (0 - 17) + -37 + 70?
16
What is the value of 5 + -13 + 21 + 0 + 1 + -1?
13
14 - (-9 - (-21 + -1))
1
Evaluate 32 + -9 + (5 - 6) + -3 + -4.
15
What is the value of 0 + 240 + -253 + (0 - -7) + -1?
-7
What is the value of -2 + 3 + (3 - 1) - (0 - 5)?
8
-2 + (4 - (5 - (4 + -3 - -5)))
3
What is the value of (25 - 41) + 12 + (2 - 3)?
-5
Evaluate -8 - (8 - (29 + -22)).
-9
-16 + (29 - 12) - -13
14
Calculate 0 + 8 + -2 + 10 + -23.
-7
What is the value of -9 + 16 + -4 + 16 + -5 - -1?
15
Calculate 1 + (21 + -24 - 17).
-19
Evaluate 20 + -28 + 5 - 1.
-4
Evaluate ((133 - 137) + 9 + -1 - -4) + 22.
30
What is 1 + -3 + 86 + -80 - (0 + 5)?
-1
64 + -51 + 14 - 67
-40
Evaluate -24 + (14 - (1 + -12 + 14)).
-13
Evaluate (0 - 15) + -28 + (-13 - -36).
-20
Calculate -15 - -1 - (-10 + -6) - 20.
-18
What is 13 + -8 - (-17 - (5 - 18))?
9
What is (138 - 118) + (-29 - 2)?
-11
3 + -7 + -14 + (5 - (14 - 7))
-20
Evaluate -19 - (19 - 8 - 2).
-28
What is the value of (15 - -1) + -16 - (-3 + 26)?
-23
What is the value of -2 + 3 + (-4 - (3 - 1))?
-5
Calculate -17 + -9 + 20 - -7.
1
Evaluate 14 - (-12 - (-56 + 35)).
5
What is the value of 39 + (-11 - (31 + -27))?
24
What is 1 + 5 + (-1 + -1 - -7)?
11
Calculate (0 - -1) + (-17 - -10) - (-17 + 2).
9
What is the value of (-11 - 4) + -6 + 9?
-12
Evaluate (2 - 3) + 3 - (2 - 8).
8
Calculate -15 + 4 + (2 - 8) + 20.
3
What is -35 + (26 - -75 - 33)?
33
Calculate -13 - -7 - 6 - (0 + -3).
-9
What is the value of (-344 - -336) + 12 + -1?
3
What is -23 + -1 - (-1572 - -1536)?
12
What is the value of 3 - -2 - ((11 - 6) + -3 + 0)?
3
What is the value of (-603 - -607) + (1 - 2) + 14?
17
What is -228 + 235 - (-2 + -13)?
22
Evaluate (19 - 26) + -33 + 27.
-13
What is -7 + (-3 - (4 - (13 - 5)))?
-6
Calculate 7 + -7 + (11 - 7) + -4 + -1.
-1
What is the value of -5 - (-7 - (1 + -2) - (1 - -7))?
9
What is the value of (10 - 3 - 6) + (-18 + 9